
2, 5
Let w = 40 - 28. Suppose w = -0*h + h. What are the prime factors of h?
2, 3
Let d(y) = -y**3 + y**2 + 8. Let x(m) = m**2 - m - 1. Let i(w) = d(w) + 6*x(w). Let b be -7*1*24/(-28). What are the prime factors of i(b)?
2
Let r = -9 - -39. Suppose r = s + s. List the prime factors of s.
3, 5
Let l be (3 - 10/4)*2. Suppose 29 = 2*a - l. What are the prime factors of a?
3, 5
Suppose -q = 2 - 1. Let p(u) = -u**3 + 2*u**2 + 2*u + 1. List the prime factors of p(q).
2
Let f = -1 + 108. Let i = -51 + f. Suppose -u - 4*u + i = -4*m, 5*m + 36 = 2*u. What are the prime factors of u?
2
Let k = 293 - 104. List the prime factors of k.
3, 7
Suppose 788 = 26*o - 22*o. What are the prime factors of o?
197
Let f = 0 + 0. What are the prime factors of (-37)/(-1) + f/1?
37
Suppose 2*w + 2*w = 312. Suppose 4*o - 58 = w. List the prime factors of o.
2, 17
Suppose 0 = -b + 4*n + 28, -23 - 69 = -2*b - n. List the prime factors of b.
2, 11
Let x be -3*1*(-2 - -1). Suppose o + x*d - 36 = 0, 3*d = -2*o - 0*d + 81. Suppose -5*a = -o - 5. List the prime factors of a.
2, 5
Let o(j) = j**2 + 14*j + 10. Let q(a) = 1. Let l(y) = o(y) - 2*q(y). What are the prime factors of l(-14)?
2
Let f = -1 + -6. Let v(t) = -2*t - 10. What are the prime factors of v(f)?
2
Let j = 5 + 7. Suppose i - j = 2. What are the prime factors of i?
2, 7
Let a be (-2)/(-7) + (-177)/7. Let l = a + 40. Suppose o + 5 - l = 0. List the prime factors of o.
2, 5
Let f(x) be the first derivative of -x**3/3 + 22*x - 10. List the prime factors of f(0).
2, 11
Let k(n) = -n**2 + 11*n - 11. Let s(y) = y**2 + 6*y + 9. Let t be s(-6). Let p be k(t). Let g = 0 + p. What are the prime factors of g?
7
What are the prime factors of (-40 + -2)*(3 + -4)?
2, 3, 7
Suppose 97 = 3*p - 110. List the prime factors of p.
3, 23
List the prime factors of (-7 + 6)*98/(-2).
7
Suppose 4*u + 35 + 7 = 2*o, 4*o + 4 = 0. What are the prime factors of 20/(-50)*(1 + u)?
2
Suppose -c = -7 - 24. List the prime factors of c.
31
Let z(h) = -h - 4. Suppose 6 + 2 = -2*t. Let a be z(t). Let p = a - -2. List the prime factors of p.
2
Suppose 0 = -3*k - k + 16. Suppose 8 = -2*r - k*q, 5*r - q + 0 = 13. Suppose -r*j - 42 = -5*j. What are the prime factors of j?
2, 7
Suppose -d + 0*o - 11 = -o, -34 = 4*d - 2*o. Let x = 0 + d. Let t = 5 - x. List the prime factors of t.
11
Let g = 6 + -2. Suppose g*o - 128 = 68. Suppose -4*w + o = 9. What are the prime factors of w?
2, 5
Let o be (-1 - -14)*(-7 - -8). Let i = -6 + o. What are the prime factors of i?
7
Let r(u) = u**2 - 5*u + 7. Let o be r(5). Let q(f) = f - 4. List the prime factors of q(o).
3
Let v(w) = 1 - 4*w**3 + 8*w**3 - 2*w + 4*w + 0. Let h be v(2). Let n = -26 + h. List the prime factors of n.
11
Let m(i) = i**2 + 2*i + 42. What are the prime factors of m(18)?
2, 3, 67
Suppose 5*n = -5, -4*n + 5*n + 11 = 2*r. Let h be (7/(-5))/(3/(-15)). Suppose -q - 4*t + r*t = -h, -2*t + 40 = 4*q. What are the prime factors of q?
3
Let v = -15 + 34. List the prime factors of v.
19
Let l = 17 + -9. Let p = -4 + l. What are the prime factors of p?
2
Suppose v = 4*v + 6, 2*y + 14 = -5*v. Let t be 4/2 + (-13 - -12). What are the prime factors of -3 + 10 + y + t?
2, 3
Suppose -5*u = -2*n + 18, u - 4*n - 9 = -27. Let v(f) = f**3 + f**2 - 3*f - 2. Let l be v(u). Suppose 40 = 4*w - l*w. What are the prime factors of w?
2, 5
Let w be ((-3)/(-2))/((-33)/(-110)). Suppose -3*d = -9, -w*t + 2*d + 70 = -109. List the prime factors of t.
37
What are the prime factors of 1656/(-60)*(-10)/4?
3, 23
Let p(u) be the second derivative of -u**4/6 - u**3/2 - u**2/2 + 4*u. Let v(l) = -l**2 - 2*l - 1. Let i(t) = -2*p(t) + 3*v(t). List the prime factors of i(-4).
3, 5
Let v(x) = -x + 10. Suppose -3*g = -3, -4*a + 3*g + 2 = -3. Suppose 4*m = -a*o - m, 5*m = 4*o. What are the prime factors of v(o)?
2, 5
List the prime factors of ((-6)/(-9))/((-4)/(-6))*233.
233
Suppose 13 = -3*z + 76. List the prime factors of z.
3, 7
Suppose -f - 3*x + 138 = 2*f, 3*f - 4*x - 117 = 0. Suppose -57 - f = -2*r. Suppose r = 3*k + 2*k. What are the prime factors of k?
2, 5
Let b(l) = l**3 - 4*l**2 + 5. Let c be b(4). Suppose -133 = -c*k + 17. What are the prime factors of k?
2, 3, 5
Suppose s - 2*s = -g - 7, 0 = s + g + 3. What are the prime factors of 4 + s*(1 + 12)?
2, 3, 5
Suppose 0 = 4*v + 12 + 4. Suppose 5*m = 50 + 50. List the prime factors of 5/m + (-7)/v.
2
Let b = -6 - -6. Let m be (b/(-2 - -3))/1. What are the prime factors of -2 - -13 - m/1?
11
Suppose -7*n + 5*n + 6 = 0. Let b = n - 1. Suppose -b*d + 0*d + 38 = 0. List the prime factors of d.
19
List the prime factors of 96/(-40)*(45/2)/(-1).
2, 3
Suppose -2*p + 3 = 5*m, 0 = -4*p - m - 0 + 15. What are the prime factors of (p/(-6))/((-3)/45)?
2, 5
Let q(k) = k**2 + 3*k + 3. Let y be q(-3). What are the prime factors of (22 - -3) + 0 - y?
2, 11
Let y = 7 + -6. What are the prime factors of 6*((-6)/(-4))/y?
3
Suppose 11 - 3 = -4*o. Let k = o + 0. What are the prime factors of (25 + 1)*k/(-4)?
13
Let p(a) = 2*a**3 - 8*a**2 + 4*a - 17. What are the prime factors of p(7)?
5, 61
Suppose -3 + 1 = s, i + s - 49 = 0. Suppose 0 = -5*x + i + 19. List the prime factors of x.
2, 7
Let w = 28 + -26. List the prime factors of w.
2
Suppose 3*j - 5*f + 19 = 50, -5*f - 55 = -5*j. List the prime factors of j.
2, 3
What are the prime factors of 3 - -1 - (-20)/2?
2, 7
Let j(v) = v**3 - 4*v**2 + 6*v - 2. What are the prime factors of j(4)?
2, 11
Suppose 0 = 2*c + 3*c - 120. Suppose 0 = 6*p - p - 15. Suppose -p*f + f + c = 0. What are the prime factors of f?
2, 3
Let u be (5*3)/(27/18). What are the prime factors of (u/(-3))/(2/(-3))?
5
Suppose 5*w = 20, -3*f = w + 4*w - 230. List the prime factors of f.
2, 5, 7
List the prime factors of (0 + 5)*12/10.
2, 3
Suppose -2*j - 38 = -2*b - 2, -5*b = -2*j - 75. Suppose -2*f + 3*o + 11 = 0, 2*f - b = 4*o - 1. Let d = 11 - f. List the prime factors of d.
7
Let z = -2 - -8. List the prime factors of 12 - (z - 6/2).
3
Suppose -21*l = -23*l + 164. List the prime factors of l.
2, 41
Suppose -5*p + p - 12 = 0. What are the prime factors of 1/(p/(-78)*2)?
13
Let q(w) = w**3 - w**2 - w - 3. Let v = 38 - 23. Suppose 0 = c + 4*c - v. What are the prime factors of q(c)?
2, 3
Suppose 3*z + 0*z - 11 = l, -5*l = 5*z - 25. Suppose 0 = -5*v + z*o + o + 170, 0 = 2*v - 3*o - 67. List the prime factors of v.
5, 7
Suppose 2*j = -p + 140, 179 - 31 = 2*j + 5*p. List the prime factors of j.
3, 23
Let a = -82 + 102. List the prime factors of a.
2, 5
Let p(k) = -k + 13. List the prime factors of p(-11).
2, 3
Let i(g) = -25*g**2 - g. Let d be i(1). List the prime factors of (9/3)/((-2)/d).
3, 13
Suppose 0 = 51*f - 53*f + 404. What are the prime factors of f?
2, 101
Suppose 27 = 2*c - 27. Let r be 6/10 - (-1 + 15/25). List the prime factors of (r/(-3))/((-3)/c).
3
Let w(p) = p**2 + 7*p + 4. Suppose -3*o - 17 = -4*a - 0*o, -5*a + 5*o = -25. Let t(r) = -r**2 - r - 1. Let d be t(a). What are the prime factors of w(d)?
2
Suppose 3*z - 11 - 1 = 0. Suppose k = -5*x - 11, -z*k + k - 4*x = 0. Suppose k*v = 2 + 42. What are the prime factors of v?
11
Let n(r) = 35*r**2 + 2*r + 1. Let g be n(-1). Suppose 46 + g = 4*t. What are the prime factors of t?
2, 5
Let s be (-88)/(-14) + 4/(-14). Suppose -10*n = -15*n + 225. Suppose -s*m + n = -m. What are the prime factors of m?
3
Suppose 2*r - 4 = 4*u + 12, 6 = -3*u. Suppose -r*t + 10 = -3*t. What are the prime factors of (-10)/(-4)*24/t?
2, 3
Let m(o) = o**3 - 12*o**2 - 18*o + 31. What are the prime factors of m(14)?
3, 19
Let c(o) = -o**3 - 3*o**2 + o - 5. Let q be c(-4). Suppose -4*x = -q*x + 63. List the prime factors of x.
3, 7
Suppose -3*g - j = -5*j - 224, -79 = -g - 3*j. What are the prime factors of g?
2, 19
Let d(b) = b - 3. Let t be d(5). Suppose -17 = -4*n + t*r - 3*r, n + 10 = -5*r. List the prime factors of n.
5
Let f = -18 - -44. Suppose 2*d = 4*p + 6, 2*d - 7*d + f = p. What are the prime factors of ((-44)/(-2))/(1 + p)?
11
Suppose -4*d = v - 19, -d + 4*d - 5*v = -3. Suppose -11 = -d*o - 0*o + y, -12 = -3*o - 3*y. List the prime factors of o.
3
Let m be (-42)/56*(-44 + 0). Suppose -8*v + 9*v - m = 0. What are the prime factors of v?
3, 11
Let q(y) = y**3 + 8*y**2 + 7*y - 6. Let g be q(-6). Suppose 0 = -i + u - 13 + 5, -5*u - g = 3*i. Let w(x) = 